- 17*p = -4785. Calculate the highest common factor of p and 174.
87
Let z(m) = 6*m**3 - m**2 + 3*m + 4. Let g be z(4). Suppose 4*t = -3*k, 77*k - t + 30 = 82*k - 21. Calculate the highest common divisor of k and g.
12
Suppose -16*g - 2*d = -15*g - 16, 0 = -5*g + 2*d + 56. Suppose 231 = g*i - 11*i. Calculate the highest common factor of i and 21.
21
Suppose -298 = 8*o - 394. Let y be (-6)/(-10) - (-64)/10. Suppose -587 = -y*d + 169. What is the greatest common factor of o and d?
12
Let h(z) = 3*z + 135. Let m be h(-10). What is the highest common divisor of m and 18375?
105
Let d be -8 - ((-13 - 8) + 7). Let a be 32/12 - 3 - 289/(-3). What is the greatest common divisor of a and d?
6
Let x be (-158)/(-5) - 4/(-10). Let m = -872 + 904. Calculate the highest common divisor of x and m.
32
Suppose 83535 = 15*w - 22080. Calculate the highest common divisor of w and 6.
3
Let r(k) = 2*k**3 - 39*k**2 - 131*k + 2898. Let z be r(19). Suppose -4*g - 74 = -1098. What is the highest common divisor of z and g?
16
Suppose 0 = -7*i + 1945 + 288. Calculate the highest common divisor of 29 and i.
29
Suppose -309876 = -269*y - 165*y. Calculate the highest common divisor of y and 66.
6
Let f(l) = l**2 + 19*l + 230. Let z be f(-14). Suppose -160 = -11*w + 3*w. Calculate the greatest common divisor of w and z.
20
Suppose 4*h + 5*s = 220, -280 = -9*h + 4*h - 5*s. Let d be (-8)/h*-9*10/4. Calculate the greatest common factor of 9 and d.
3
Suppose 7*z - 124 = 303. Let d = -67 + z. Let w be 2 + d + 1 - (-20 + 1). What is the greatest common divisor of w and 4?
4
Let d = 33604 - 33188. Calculate the highest common factor of d and 288.
32
Suppose 3*b + 4*o = 422, -87 + 497 = 3*b - 2*o. Calculate the greatest common factor of 2208 and b.
138
Suppose 4*f - 4*w + w - 141 = 0, -w = -f + 36. Suppose 0 = -5*k - 3*t + 623, 1189*t - 1190*t = -6. What is the highest common factor of k and f?
11
Let a = 9492 - 9493. Let b(r) be the second derivative of -221*r**3/6 + 3*r**2/2 - r. Let q be b(a). What is the highest common divisor of 32 and q?
32
Suppose o = -5*f + 3*o + 12, -f = 5*o - 24. Suppose -24 = -f*h + 4*i, -4*h + 0*i - i = -44. Let j = 45 - h. What is the greatest common divisor of 7 and j?
7
Let i = 202 + -202. Suppose 4*j - 345 + 165 = i. Calculate the highest common factor of j and 255.
15
Let z(u) = -32*u**2 - 2146*u - 132. Let o be z(-67). What is the greatest common divisor of 1466 and o?
2
Suppose -5 = 10*j - 45. Suppose j = 4*i + 2*l, 4*i + 5*l = l. Let n be (-1 + 0)*3/(-3). Calculate the highest common factor of n and i.
1
Let b = 141 - 261. Let d = b + 120. Suppose t - 68 = -d*t + 2*j, t - 44 = -4*j. Calculate the greatest common factor of 30 and t.
30
Suppose 66*y - 48835 - 1259 = 0. Let j(o) = o + 23. Let w be j(0). Calculate the highest common factor of w and y.
23
Let b be -4*(1 + 6297/(-12) - -3). Let i = b - 3159. Let v be 2/(-3) + (1 - i/12). Calculate the greatest common factor of 36 and v.
18
Let r be (3/2)/(1/12). Let m = 1844 + -1840. What is the greatest common divisor of r and m?
2
Let n be (-144)/14 + 14/49. Let r be (-66)/165 + (-984)/n + -5. Calculate the highest common factor of r and 651.
93
Suppose -17*b + 3639 = 851. Calculate the highest common factor of 1435 and b.
41
Let t be (20 - 15824/(-80))/(3/45). What is the greatest common factor of 243 and t?
27
Let q be -5*(2 - -879)*(-4)/10. Suppose -1766 = -3*y - c, 3*y = -0*c + c + q. What is the highest common factor of y and 42?
42
Suppose 3*c - 4*y + 34 = y, 0 = 5*c - 4*y + 48. Let w be (c/(-4) + 0)*5*22. What is the highest common factor of 20 and w?
20
Let l be ((-14144)/(-117))/(11/99). Calculate the highest common factor of 72 and l.
8
Suppose -26829 = -47*t - 2389. What is the highest common divisor of 840 and t?
40
Let y = -484 + 136. Let b be 30/(-9)*(y/30 - -5). What is the highest common factor of b and 4?
2
Let n(d) be the first derivative of 25*d - 6*d**2 + 2/3*d**3 + 18. Let q be n(6). Calculate the greatest common divisor of 225 and q.
25
Let n = 628 + -284. Let u(o) = -36*o**2 - 2775*o - 145. Let j be u(-77). What is the greatest common factor of j and n?
86
Suppose x - 4*l + 8 = 0, 5*x = -3*l + 2*l + 65. Let d be 3*6*(-8)/(-18). Suppose g = 28 + d. Calculate the greatest common factor of g and x.
12
Let k = 28 - 74. Let m = k - -96. Let g = -29 + m. What is the highest common factor of g and 14?
7
Let h be 83/5 + 4/10. Let l(d) = -d**2 - 116*d + 3559. Let u be l(-141). What is the greatest common factor of h and u?
17
Let m(f) = 2*f**2 + 10*f - 7. Let l be m(-8). Suppose 0 = -2*g - 5*i + l, -2*g = i - 45 + 16. Calculate the highest common factor of g and 52.
13
Suppose -5*g = -2*o - 0 + 5, -2*o = -3*g - 7. Let i = o - 36. Let t = i + 55. What is the highest common divisor of t and 3?
3
Let u(i) = 3*i**2 - 4*i + 3. Let n = 10 - 8. Let d be u(n). Let h be (-8)/(-14) - (-164)/d. What is the greatest common factor of h and 24?
24
Let f be (-2)/15 + (-12863)/(-285). Let g = -1596 - -1623. What is the greatest common divisor of g and f?
9
Let b = 13959 - 10179. What is the highest common factor of b and 660?
60
Let y be 1/(2 - (-55)/(-30)). Let s = -1 + 6. Suppose 108 = 5*k - 2*u, -s*k - y*u = -u - 80. What is the highest common factor of 180 and k?
20
Let h be (936/(-252))/((-1)/168). Calculate the greatest common divisor of h and 2704.
208
Let d = 15067 + -9547. Calculate the greatest common divisor of d and 240.
240
Suppose 0 = 5*r + 519*o - 524*o - 365, 3*o - 156 = -2*r. Calculate the highest common divisor of 81 and r.
3
Suppose 90 - 5831 - 1453 = -22*u. Calculate the highest common factor of 6431 and u.
109
Suppose -40 = 2*j - 220. Suppose -2*c - 62 = -s - 3*s, 0 = -c + 5. Suppose -5*q - s = -93. Calculate the greatest common divisor of q and j.
15
Let m(l) = 906*l - 12644. Let b be m(14). Calculate the greatest common divisor of b and 11540.
20
Suppose 358*y - 211*y - 673407 = 0. What is the highest common factor of 9 and y?
9
Suppose 286 = 3*l - 3*y - 245, 0 = -4*l - 3*y + 757. What is the greatest common divisor of l and 56?
8
Let i = 19 + 111. Let b = -86 + 90. Suppose -3*f - 11 = -2*q, -5*f - 27 = -3*q - b*f. Calculate the highest common divisor of q and i.
10
Suppose -25*s + 246 = -54. Suppose 0 = n - 22 + 1. Calculate the highest common divisor of s and n.
3
Suppose g - 63 = -5*r, 4*r - 6*g + g - 62 = 0. Let c be (4 - 1)/((-18)/12). Let j be c*(85/(-10) + 2). What is the highest common divisor of r and j?
13
Suppose 3*a + 3*v - 5*v + 16 = 0, 0 = -v + 5. Let i be ((-426)/(-355))/((-1)/960*a). What is the greatest common divisor of 36 and i?
36
Let z(r) = r - 14. Let p be z(20). Suppose l + 32 = -0*j + j, 2*j - p = 0. Let i = l - -37. What is the greatest common divisor of i and 8?
8
Suppose 8*p + 437 - 1845 = 0. Suppose -5*f - 5*c + p = -4*f, -2*f + 4*c = -296. Calculate the greatest common divisor of f and 39.
39
Let v(c) = 3*c**2 + 3*c - 3. Let o be v(2). Suppose q - 2*f - 201 = 0, -q - 2*f + 228 = 39. What is the greatest common divisor of o and q?
15
Let t = 20 - 1. Let q = 31 - t. Let s = -11714 - -11810. Calculate the greatest common factor of s and q.
12
Let n(l) = -l**3 - 7*l**2 + l + 13. Let a be n(-6). Let g = 41 + a. What is the greatest common divisor of g and 48?
12
Let f(m) = -6*m + 119. Let u be f(11). Suppose -u*h + 50*h = -174. Calculate the highest common factor of 87 and h.
29
Let o = -27 + 23. Let b be (-20)/o - (-2 + 2). Suppose -2*t + t - 2*c - 1 = 0, 2*c = 4*t - 26. What is the greatest common factor of t and b?
5
Suppose -247710 = 19*h - 378*h. What is the highest common factor of 6348 and h?
138
Let b = -10528 + 10648. Suppose 0 = 5*o - 4*o - 264. What is the highest common factor of o and b?
24
Let m(o) = 37*o - 1030. Let d be m(31). What is the greatest common divisor of 171 and d?
9
Suppose 0 = -0*c - 5*c + 20, 0 = -4*m - c + 1736. Let g = -177 + m. Let l(x) = 2*x + 14. Let v be l(9). Calculate the highest common divisor of v and g.
32
Let b be (0 - -2) + (13 - 10). Suppose -n - b = 0, -s - 2*n - 13 = -0*s. Let c be (-9)/(27/2) - 11/s. Calculate the greatest common divisor of c and 4.
1
Let f = -5632 + 11088. Calculate the highest common divisor of 880 and f.
176
Suppose -49 = 9*n + 41. Let z be 24/n*35/(-2). What is the greatest common div